{"id":3491,"date":"2024-02-08T16:45:09","date_gmt":"2024-02-08T15:45:09","guid":{"rendered":"https:\/\/ellebedesign.com\/?page_id=3491"},"modified":"2026-01-02T17:40:23","modified_gmt":"2026-01-02T16:40:23","slug":"mentions-legales","status":"publish","type":"page","link":"https:\/\/ellebedesign.com\/index.php\/accueil\/mentions-legales\/","title":{"rendered":"Mentions l\u00e9gales"},"content":{"rendered":"\n<h5 class=\"wp-block-heading has-palette-color-1-color has-text-color has-link-color wp-elements-b710c0abb9b3e9917e71dbaed9556f6f\">Ludivine Brion, cr\u00e9atrice de la marque eLLeBe Design<\/h5>\n\n\n\n<p class=\"has-palette-color-3-color has-text-color has-link-color wp-elements-5fba37bc596738a17b50e8716d478b06\" style=\"font-size:clamp(14px, 0.875rem + ((1vw - 3.2px) * 0.078), 15px);line-height:0.4\">Titulaire du CAPE C1044, \u00e9ch\u00e9ant le 31\/03\/2024<\/p>\n\n\n\n<p class=\"has-link-color wp-elements-76d66bc7c3590fcfaf209e1c5ec6d865\" style=\"font-size:clamp(14px, 0.875rem + ((1vw - 3.2px) * 0.078), 15px);line-height:1.6\">Structure d&rsquo;appui PCE, Tech&rsquo;Indus D &#8211; 645 Rue Mayor de Montricher &#8211; 13290 Aix en Provence<\/p>\n\n\n\n<p class=\"has-link-color wp-elements-d25390b9da8f7511ea77f68a0c8413fd\" style=\"font-size:clamp(14px, 0.875rem + ((1vw - 3.2px) * 0.078), 15px);line-height:0.4\">Infos&nbsp;<a href=\"https:\/\/www.pce-couveuse.fr\/\"><em>www.pce-couveuse.fr<\/em><\/a><\/p>\n\n\n\n<p class=\"has-link-color wp-elements-ac29a783f2ba02e3dad8df21aa8114d9\" style=\"font-size:clamp(14px, 0.875rem + ((1vw - 3.2px) * 0.078), 15px);line-height:0.4\">SIRET 42319430700033 &#8211; APE 9499Z<\/p>\n\n\n\n<p class=\"has-link-color wp-elements-7d00e52a2728461859ebe31f54fa93cb\" style=\"font-size:clamp(14px, 0.875rem + ((1vw - 3.2px) * 0.078), 15px);line-height:1.6\">Contrat RCP multiactivit\u00e9 professionnelle AXA \/ N\u00b0 client 0693499104 &#8211; N\u00b0 contrat 1353589504<\/p>\n\n\n\n<h5 class=\"wp-block-heading has-palette-color-1-color has-text-color has-link-color wp-elements-465acebd862da7d1041597635ff5036e\">Contacts et site web<\/h5>\n\n\n\n<p class=\"has-palette-color-3-color has-text-color has-link-color wp-elements-2c6223031858ec4aba8bd6b461acb0fa\" style=\"font-size:clamp(14px, 0.875rem + ((1vw - 3.2px) * 0.078), 15px);line-height:0.4\">NUMERO DE TELEPHONE: 06.75.27.57.58<\/p>\n\n\n\n<p class=\"has-link-color wp-elements-3c1f1a0661dbd1f9f3b7d798539bda48\" style=\"font-size:clamp(14px, 0.875rem + ((1vw - 3.2px) * 0.078), 15px);line-height:0.4\">MAIL: ludivine.brion@ellebedesign.com<\/p>\n\n\n\n<p class=\"has-link-color wp-elements-762acaf27dcaec036121ad3b785812b5\" style=\"font-size:clamp(14px, 0.875rem + ((1vw - 3.2px) * 0.078), 15px);line-height:1.6\">SITE INTERNET : https;\/\/www\/ellebedesign.com h\u00e9berg\u00e9 par Hostinger International Ltd et r\u00e9alis\u00e9 avec le CMS WordPress<\/p>\n\n\n\n<div class=\"wp-block-buttons is-content-justification-left is-layout-flex wp-container-core-buttons-is-layout-707e8927 wp-block-buttons-is-layout-flex\" style=\"margin-top:var(--wp--preset--spacing--70);margin-bottom:0\">\n<div class=\"wp-block-button is-style-fill\"><a class=\"wp-block-button__link has-text-align-center wp-element-button\" href=\"https:\/\/ellebedesign.com\" style=\"border-radius:0px;padding-top:0;padding-bottom:0\">RETOUR<\/a><\/div>\n<\/div>\n","protected":false},"excerpt":{"rendered":"<p>Ludivine Brion, cr\u00e9atrice de la marque eLLeBe Design Titulaire du CAPE C1044, \u00e9ch\u00e9ant le 31\/03\/2024 Structure d&rsquo;appui PCE, Tech&rsquo;Indus D &#8211; 645 Rue Mayor de Montricher &#8211; 13290 Aix en Provence Infos&nbsp;www.pce-couveuse.fr SIRET 42319430700033 &#8211; APE 9499Z Contrat RCP multiactivit\u00e9 professionnelle AXA \/ N\u00b0 client 0693499104 &#8211; N\u00b0 contrat 1353589504 Contacts et site web NUMERO [&hellip;]<\/p>\n","protected":false},"author":1,"featured_media":0,"parent":772,"menu_order":2,"comment_status":"closed","ping_status":"closed","template":"","meta":{"_monsterinsights_skip_tracking":false,"_monsterinsights_sitenote_active":false,"_monsterinsights_sitenote_note":"","_monsterinsights_sitenote_category":0,"footnotes":""},"class_list":["post-3491","page","type-page","status-publish","hentry"],"blocksy_meta":{"styles_descriptor":{"styles":{"desktop":"","tablet":"","mobile":""},"google_fonts":[],"version":6}},"yoast_head":"<!-- This site is optimized with the Yoast SEO plugin v27.5 - https:\/\/yoast.com\/product\/yoast-seo-wordpress\/ -->\n<title>Cr\u00e9atrice graphique ~ Mentions l\u00e9gales<\/title>\n<meta name=\"description\" content=\"Mentions l\u00e9gales obligatoires. Qui suis-je? Donn\u00e9es professionnelles, contacts utiles et fournisseur d&#039;h\u00e9b\u00e8rgement web.\" \/>\n<meta name=\"robots\" content=\"index, follow, max-snippet:-1, max-image-preview:large, max-video-preview:-1\" \/>\n<link rel=\"canonical\" href=\"https:\/\/ellebedesign.com\/index.php\/accueil\/mentions-legales\/\" \/>\n<meta property=\"og:locale\" content=\"fr_FR\" \/>\n<meta property=\"og:type\" content=\"article\" \/>\n<meta property=\"og:title\" content=\"Cr\u00e9atrice graphique ~ Mentions l\u00e9gales\" \/>\n<meta property=\"og:description\" content=\"Mentions l\u00e9gales obligatoires. Qui suis-je? Donn\u00e9es professionnelles, contacts utiles et fournisseur d&#039;h\u00e9b\u00e8rgement web.\" \/>\n<meta property=\"og:url\" content=\"https:\/\/ellebedesign.com\/index.php\/accueil\/mentions-legales\/\" \/>\n<meta property=\"og:site_name\" content=\"eLLeBe Design\" \/>\n<meta property=\"article:publisher\" content=\"https:\/\/www.facebook.com\/profile.php?id=100092258326348&amp;locale=fr_FR\" \/>\n<meta property=\"article:modified_time\" content=\"2026-01-02T16:40:23+00:00\" \/>\n<meta name=\"twitter:card\" content=\"summary_large_image\" \/>\n<meta name=\"twitter:label1\" content=\"Dur\u00e9e de lecture estim\u00e9e\" \/>\n\t<meta name=\"twitter:data1\" content=\"1 minute\" \/>\n<script type=\"application\/ld+json\" class=\"yoast-schema-graph\">{\"@context\":\"https:\\\/\\\/schema.org\",\"@graph\":[{\"@type\":[\"WebPage\",\"ItemPage\"],\"@id\":\"https:\\\/\\\/ellebedesign.com\\\/index.php\\\/accueil\\\/mentions-legales\\\/\",\"url\":\"https:\\\/\\\/ellebedesign.com\\\/index.php\\\/accueil\\\/mentions-legales\\\/\",\"name\":\"Cr\u00e9atrice graphique ~ Mentions l\u00e9gales\",\"isPartOf\":{\"@id\":\"https:\\\/\\\/ellebedesign.com\\\/#website\"},\"datePublished\":\"2024-02-08T15:45:09+00:00\",\"dateModified\":\"2026-01-02T16:40:23+00:00\",\"description\":\"Mentions l\u00e9gales obligatoires. Qui suis-je? Donn\u00e9es professionnelles, contacts utiles et fournisseur d'h\u00e9b\u00e8rgement web.\",\"breadcrumb\":{\"@id\":\"https:\\\/\\\/ellebedesign.com\\\/index.php\\\/accueil\\\/mentions-legales\\\/#breadcrumb\"},\"inLanguage\":\"fr-FR\",\"potentialAction\":[{\"@type\":\"ReadAction\",\"target\":[\"https:\\\/\\\/ellebedesign.com\\\/index.php\\\/accueil\\\/mentions-legales\\\/\"]}]},{\"@type\":\"BreadcrumbList\",\"@id\":\"https:\\\/\\\/ellebedesign.com\\\/index.php\\\/accueil\\\/mentions-legales\\\/#breadcrumb\",\"itemListElement\":[{\"@type\":\"ListItem\",\"position\":1,\"name\":\"Accueil\",\"item\":\"https:\\\/\\\/ellebedesign.com\\\/\"},{\"@type\":\"ListItem\",\"position\":2,\"name\":\"Accueil\",\"item\":\"https:\\\/\\\/ellebedesign.com\\\/\"},{\"@type\":\"ListItem\",\"position\":3,\"name\":\"Mentions l\u00e9gales\"}]},{\"@type\":\"WebSite\",\"@id\":\"https:\\\/\\\/ellebedesign.com\\\/#website\",\"url\":\"https:\\\/\\\/ellebedesign.com\\\/\",\"name\":\"eLLeBe Design\",\"description\":\"Un projet qui rayonne, \u00e7a commence par ta com&#039; !\",\"publisher\":{\"@id\":\"https:\\\/\\\/ellebedesign.com\\\/#organization\"},\"potentialAction\":[{\"@type\":\"SearchAction\",\"target\":{\"@type\":\"EntryPoint\",\"urlTemplate\":\"https:\\\/\\\/ellebedesign.com\\\/?s={search_term_string}\"},\"query-input\":{\"@type\":\"PropertyValueSpecification\",\"valueRequired\":true,\"valueName\":\"search_term_string\"}}],\"inLanguage\":\"fr-FR\"},{\"@type\":\"Organization\",\"@id\":\"https:\\\/\\\/ellebedesign.com\\\/#organization\",\"name\":\"eLLeBe Design\",\"url\":\"https:\\\/\\\/ellebedesign.com\\\/\",\"logo\":{\"@type\":\"ImageObject\",\"inLanguage\":\"fr-FR\",\"@id\":\"https:\\\/\\\/ellebedesign.com\\\/#\\\/schema\\\/logo\\\/image\\\/\",\"url\":\"https:\\\/\\\/ellebedesign.com\\\/wp-content\\\/uploads\\\/2023\\\/11\\\/eLLeBe_logo-square.png\",\"contentUrl\":\"https:\\\/\\\/ellebedesign.com\\\/wp-content\\\/uploads\\\/2023\\\/11\\\/eLLeBe_logo-square.png\",\"width\":4501,\"height\":4501,\"caption\":\"eLLeBe Design\"},\"image\":{\"@id\":\"https:\\\/\\\/ellebedesign.com\\\/#\\\/schema\\\/logo\\\/image\\\/\"},\"sameAs\":[\"https:\\\/\\\/www.facebook.com\\\/profile.php?id=100092258326348&locale=fr_FR\",\"https:\\\/\\\/www.instagram.com\\\/ellebe_design\\\/\",\"https:\\\/\\\/www.linkedin.com\\\/in\\\/ludivine-brion-24541186\\\/\"]}]}<\/script>\n<!-- \/ Yoast SEO plugin. -->","yoast_head_json":{"title":"Cr\u00e9atrice graphique ~ Mentions l\u00e9gales","description":"Mentions l\u00e9gales obligatoires. Qui suis-je? Donn\u00e9es professionnelles, contacts utiles et fournisseur d'h\u00e9b\u00e8rgement web.","robots":{"index":"index","follow":"follow","max-snippet":"max-snippet:-1","max-image-preview":"max-image-preview:large","max-video-preview":"max-video-preview:-1"},"canonical":"https:\/\/ellebedesign.com\/index.php\/accueil\/mentions-legales\/","og_locale":"fr_FR","og_type":"article","og_title":"Cr\u00e9atrice graphique ~ Mentions l\u00e9gales","og_description":"Mentions l\u00e9gales obligatoires. Qui suis-je? Donn\u00e9es professionnelles, contacts utiles et fournisseur d'h\u00e9b\u00e8rgement web.","og_url":"https:\/\/ellebedesign.com\/index.php\/accueil\/mentions-legales\/","og_site_name":"eLLeBe Design","article_publisher":"https:\/\/www.facebook.com\/profile.php?id=100092258326348&locale=fr_FR","article_modified_time":"2026-01-02T16:40:23+00:00","twitter_card":"summary_large_image","twitter_misc":{"Dur\u00e9e de lecture estim\u00e9e":"1 minute"},"schema":{"@context":"https:\/\/schema.org","@graph":[{"@type":["WebPage","ItemPage"],"@id":"https:\/\/ellebedesign.com\/index.php\/accueil\/mentions-legales\/","url":"https:\/\/ellebedesign.com\/index.php\/accueil\/mentions-legales\/","name":"Cr\u00e9atrice graphique ~ Mentions l\u00e9gales","isPartOf":{"@id":"https:\/\/ellebedesign.com\/#website"},"datePublished":"2024-02-08T15:45:09+00:00","dateModified":"2026-01-02T16:40:23+00:00","description":"Mentions l\u00e9gales obligatoires. Qui suis-je? Donn\u00e9es professionnelles, contacts utiles et fournisseur d'h\u00e9b\u00e8rgement web.","breadcrumb":{"@id":"https:\/\/ellebedesign.com\/index.php\/accueil\/mentions-legales\/#breadcrumb"},"inLanguage":"fr-FR","potentialAction":[{"@type":"ReadAction","target":["https:\/\/ellebedesign.com\/index.php\/accueil\/mentions-legales\/"]}]},{"@type":"BreadcrumbList","@id":"https:\/\/ellebedesign.com\/index.php\/accueil\/mentions-legales\/#breadcrumb","itemListElement":[{"@type":"ListItem","position":1,"name":"Accueil","item":"https:\/\/ellebedesign.com\/"},{"@type":"ListItem","position":2,"name":"Accueil","item":"https:\/\/ellebedesign.com\/"},{"@type":"ListItem","position":3,"name":"Mentions l\u00e9gales"}]},{"@type":"WebSite","@id":"https:\/\/ellebedesign.com\/#website","url":"https:\/\/ellebedesign.com\/","name":"eLLeBe Design","description":"Un projet qui rayonne, \u00e7a commence par ta com&#039; !","publisher":{"@id":"https:\/\/ellebedesign.com\/#organization"},"potentialAction":[{"@type":"SearchAction","target":{"@type":"EntryPoint","urlTemplate":"https:\/\/ellebedesign.com\/?s={search_term_string}"},"query-input":{"@type":"PropertyValueSpecification","valueRequired":true,"valueName":"search_term_string"}}],"inLanguage":"fr-FR"},{"@type":"Organization","@id":"https:\/\/ellebedesign.com\/#organization","name":"eLLeBe Design","url":"https:\/\/ellebedesign.com\/","logo":{"@type":"ImageObject","inLanguage":"fr-FR","@id":"https:\/\/ellebedesign.com\/#\/schema\/logo\/image\/","url":"https:\/\/ellebedesign.com\/wp-content\/uploads\/2023\/11\/eLLeBe_logo-square.png","contentUrl":"https:\/\/ellebedesign.com\/wp-content\/uploads\/2023\/11\/eLLeBe_logo-square.png","width":4501,"height":4501,"caption":"eLLeBe Design"},"image":{"@id":"https:\/\/ellebedesign.com\/#\/schema\/logo\/image\/"},"sameAs":["https:\/\/www.facebook.com\/profile.php?id=100092258326348&locale=fr_FR","https:\/\/www.instagram.com\/ellebe_design\/","https:\/\/www.linkedin.com\/in\/ludivine-brion-24541186\/"]}]}},"_links":{"self":[{"href":"https:\/\/ellebedesign.com\/index.php\/wp-json\/wp\/v2\/pages\/3491","targetHints":{"allow":["GET"]}}],"collection":[{"href":"https:\/\/ellebedesign.com\/index.php\/wp-json\/wp\/v2\/pages"}],"about":[{"href":"https:\/\/ellebedesign.com\/index.php\/wp-json\/wp\/v2\/types\/page"}],"author":[{"embeddable":true,"href":"https:\/\/ellebedesign.com\/index.php\/wp-json\/wp\/v2\/users\/1"}],"replies":[{"embeddable":true,"href":"https:\/\/ellebedesign.com\/index.php\/wp-json\/wp\/v2\/comments?post=3491"}],"version-history":[{"count":4,"href":"https:\/\/ellebedesign.com\/index.php\/wp-json\/wp\/v2\/pages\/3491\/revisions"}],"predecessor-version":[{"id":3508,"href":"https:\/\/ellebedesign.com\/index.php\/wp-json\/wp\/v2\/pages\/3491\/revisions\/3508"}],"up":[{"embeddable":true,"href":"https:\/\/ellebedesign.com\/index.php\/wp-json\/wp\/v2\/pages\/772"}],"wp:attachment":[{"href":"https:\/\/ellebedesign.com\/index.php\/wp-json\/wp\/v2\/media?parent=3491"}],"curies":[{"name":"wp","href":"https:\/\/api.w.org\/{rel}","templated":true}]}}