{"id":3849,"date":"2024-12-05T21:13:44","date_gmt":"2024-12-05T20:13:44","guid":{"rendered":"https:\/\/ellebedesign.com\/?page_id=3849"},"modified":"2026-02-17T00:53:19","modified_gmt":"2026-02-16T23:53:19","slug":"accompagnement-aurore","status":"publish","type":"page","link":"https:\/\/ellebedesign.com\/index.php\/accueil\/accompagnement-aurore\/","title":{"rendered":"Aurore"},"content":{"rendered":"\n<div class=\"wp-block-stackable-columns stk-block-columns stk--hide-mobile stk-block stk-92ae42e\" data-block-id=\"92ae42e\"><style>.stk-92ae42e {max-width:950px !important;min-width:auto !important;margin-bottom:13px !important;}<\/style><div class=\"stk-row stk-inner-blocks stk-block-content stk-content-align stk-92ae42e-column\">\n<div class=\"wp-block-stackable-column stk-block-column stk-column stk-block stk-19e57ed\" data-v=\"4\" data-block-id=\"19e57ed\"><div class=\"stk-column-wrapper stk-block-column__content stk-container stk-19e57ed-container stk--no-background stk--no-padding\"><div class=\"stk-block-content stk-inner-blocks stk-19e57ed-inner-blocks\">\n<h1 class=\"wp-block-heading has-text-align-center has-large-font-size\"><span style=\"color: var(--theme-palette-color-1, #ECA838);\" class=\"stk-highlight\">AURORE<\/span><br><em>La solution \u00e0 prix mini pour se lancer dans l&rsquo;entrepreneuriat<\/em><\/h1>\n\n\n\n<div class=\"wp-block-stackable-divider stk-block-divider stk-block stk-aea5f1b is-style-dots\" data-block-id=\"aea5f1b\"><style>.stk-aea5f1b .stk-block-divider__dot{background:var(--theme-palette-color-1, #ECA838) !important;}<\/style><div class=\"stk-block-divider__dots\" aria-hidden=\"true\"><div class=\"stk-block-divider__dot\"><\/div><div class=\"stk-block-divider__dot\"><\/div><div class=\"stk-block-divider__dot\"><\/div><\/div><\/div>\n<\/div><\/div><\/div>\n<\/div><\/div>\n\n\n\n<div class=\"wp-block-stackable-columns stk-block-columns stk-block stk-b93b23e\" data-block-id=\"b93b23e\"><div class=\"stk-row stk-inner-blocks stk-block-content stk-content-align stk-b93b23e-column\">\n<div class=\"wp-block-stackable-column stk-block-column stk-column stk-block stk-61da351\" data-v=\"4\" data-block-id=\"61da351\"><style>@media screen and (min-width:690px){.stk-61da351 {flex:var(--stk-flex-grow, 1) 1 calc(65% - var(--stk-column-gap, 0px) * 1 \/ 2 ) !important;}}<\/style><div class=\"stk-column-wrapper stk-block-column__content stk-container stk-61da351-container stk--no-background stk--no-padding\"><div class=\"stk-block-content stk-inner-blocks stk-61da351-inner-blocks\">\n<figure style=\"padding-right:0;padding-left:0\" class=\"wp-block-video\"><video height=\"1080\" style=\"aspect-ratio: 1700 \/ 1080;\" width=\"1700\" controls src=\"https:\/\/ellebedesign.com\/wp-content\/uploads\/2026\/01\/AccompagnementAurore.mp4\"><\/video><\/figure>\n\n\n\n<p class=\"has-text-align-center\" id=\"objectifs\" style=\"margin-top:0;margin-bottom:0;padding-top:0;padding-right:0;padding-bottom:0;padding-left:0\"><strong><span style=\"color: var(--theme-palette-color-1, #ECA838);\" class=\"stk-highlight\">OFFRE LIMITEE &#8211; 6 PERSONNES MAXIMUM<\/span><\/strong><\/p>\n\n\n\n<div class=\"wp-block-stackable-divider stk-block-divider stk-block stk-37fffcf\" id=\"objectifs\" data-block-id=\"37fffcf\"><style>.stk-37fffcf hr.stk-block-divider__hr{background:var(--theme-palette-color-1, #ECA838) !important;}.stk-37fffcf {margin-bottom:5px !important;}<\/style><hr class=\"stk-block-divider__hr\"\/><\/div>\n\n\n\n<div class=\"wp-block-stackable-heading stk-block-heading stk-block-heading--v2 stk-block stk-e41e11b\" id=\"objectifs\" data-block-id=\"e41e11b\"><style>.stk-e41e11b {margin-bottom:0px !important;}.stk-e41e11b .stk-block-heading__text{font-size:30px !important;}@media screen and (max-width:999px){.stk-e41e11b .stk-block-heading__text{font-size:30px !important;}}<\/style><h2 class=\"stk-block-heading__text has-text-align-center\">Objectifs<\/h2><\/div>\n\n\n\n<p class=\"has-text-align-left style=&quot;text-decoration:none&quot; has-palette-color-3-color has-text-color has-link-color wp-elements-aa35ec311adb9d2da072c5d91451193b\" id=\"objectifs\" style=\"font-size:clamp(14px, 0.875rem + ((1vw - 3.2px) * 0.078), 15px);\">Aider les prestataires de service \u00e0 poser des bases solides pour leur activit\u00e9 tout en gagnant confiance dans leur posture de communicant\u00b7e.. Nous construirons ton image de marque pour la rendre coh\u00e9rente, align\u00e9e et professionnelle.<\/p>\n\n\n\n<div class=\"wp-block-stackable-divider stk-block-divider stk-block stk-c9a4a73\" id=\"objectifs\" data-block-id=\"c9a4a73\"><style>.stk-c9a4a73 hr.stk-block-divider__hr{background:var(--theme-palette-color-1, #ECA838) !important;}.stk-c9a4a73 {margin-bottom:5px !important;}<\/style><hr class=\"stk-block-divider__hr\"\/><\/div>\n\n\n\n<div class=\"wp-block-stackable-heading stk-block-heading stk-block-heading--v2 stk-block stk-59583bc\" id=\"objectifs\" data-block-id=\"59583bc\"><style>.stk-59583bc {margin-bottom:0px !important;}.stk-59583bc .stk-block-heading__text{font-size:30px !important;}@media screen and (max-width:999px){.stk-59583bc .stk-block-heading__text{font-size:30px !important;}}<\/style><h2 class=\"stk-block-heading__text has-text-align-center\">Format et dur\u00e9e<\/h2><\/div>\n\n\n\n<p class=\"has-text-align-left\" id=\"objectifs\">Accompagnement collectif sur 7 semaines, avec : <br>\u2022 Acc\u00e8s \u00e0 un <strong>groupe d\u2019\u00e9changes<\/strong> Notion<br>\u2022 <strong>1 session en visioconf\u00e9rence<\/strong> par semaine<br>\u2022 L\u2019 envoi hebdomadaire d\u2019un <strong>workbook interactif<\/strong> en PDF \u00e0 compl\u00e9ter<br>\u2022 Des <strong>exercices concrets<\/strong> sur Canva et des ressources vid\u00e9o<\/p>\n<\/div><\/div><\/div>\n\n\n\n<div class=\"wp-block-stackable-column stk-block-column stk-column stk-block stk-33b746f\" data-v=\"4\" data-block-id=\"33b746f\"><style>@media screen and (min-width:690px){.stk-33b746f {flex:var(--stk-flex-grow, 1) 1 calc(35% - var(--stk-column-gap, 0px) * 1 \/ 2 ) !important;}}<\/style><div class=\"stk-column-wrapper stk-block-column__content stk-container stk-33b746f-container stk--no-background stk--no-padding\"><div class=\"stk-block-content stk-inner-blocks stk-33b746f-inner-blocks\">\n<div class=\"wp-block-stackable-text stk-block-text stk-block stk-866d29e\" data-block-id=\"866d29e\"><style>.stk-866d29e {margin-top:24px !important;}<\/style><p class=\"stk-block-text__text\"><strong>Tu (re)trouves confiance, clart\u00e9 et l\u00e9gitimit\u00e9. <\/strong><br><strong>Tu comprends enfin comment parler de ton projet sans t\u2019\u00e9parpiller.<br>Tu repars avec ton identit\u00e9 de marque, de ton univers visuel, de textes de pr\u00e9sentation pr\u00eats \u00e0 l\u2019emploi, et d\u2019une m\u00e9thode simple pour piloter ta communication au quotidien.<\/strong><\/p><\/div>\n\n\n\n<div class=\"wp-block-stackable-divider stk-block-divider stk-block stk-b1bccab\" id=\"objectifs\" data-block-id=\"b1bccab\"><style>.stk-b1bccab hr.stk-block-divider__hr{background:var(--theme-palette-color-1, #ECA838) !important;}.stk-b1bccab {margin-bottom:5px !important;}<\/style><hr class=\"stk-block-divider__hr\"\/><\/div>\n\n\n\n<div class=\"wp-block-stackable-heading stk-block-heading stk-block-heading--v2 stk-block stk-de44a0d\" id=\"au-programme\" data-block-id=\"de44a0d\"><style>.stk-de44a0d {margin-bottom:0px !important;}.stk-de44a0d .stk-block-heading__text{font-size:30px !important;}@media screen and (max-width:999px){.stk-de44a0d .stk-block-heading__text{font-size:30px !important;}}<\/style><h2 class=\"stk-block-heading__text has-text-align-center\">Au programme :<\/h2><\/div>\n\n\n\n<div class=\"wp-block-stackable-text stk-block-text stk-block stk-8116632\" data-block-id=\"8116632\"><style>.stk-8116632 {margin-bottom:0px !important;}<\/style><p class=\"stk-block-text__text\">Chaque semaine, un th\u00e8me pr\u00e9cis qui permet de mettre en lumi\u00e8re ton projet, \u00e9tape par \u00e9tape:<br><strong>1. <\/strong>Poser les bases de ton univers de marque<br><strong>2. <\/strong>Conna\u00eetre les notions l\u00e9gales essentielles<br><strong>3. <\/strong>R\u00e9diger pour convaincre<br><strong>4. <\/strong>Construire sa charte graphique<br>(r\u00e9alisation du logo aux formats .png, .svg, .pdf (droits d&rsquo;exploitation inclus) apr\u00e8s \u00e9bauche ensemble)<br><strong>5. <\/strong>Structurer sa communication<br><strong>6. <\/strong>Cr\u00e9er ses supports de communication<br><strong>7. <\/strong>Ressources bonus. Et ensuite?<\/p><\/div>\n<\/div><\/div><\/div>\n<\/div><\/div>\n\n\n\n<p><\/p>\n","protected":false},"excerpt":{"rendered":"<p>AURORE<br \/>\nL&rsquo;accompagnement \u00e0 moindre co\u00fbt qui va faire passer ton projet de l&rsquo;ombre \u00e0 la lumi\u00e8re<\/p>\n","protected":false},"author":1,"featured_media":3850,"parent":772,"menu_order":2,"comment_status":"closed","ping_status":"closed","template":"","meta":{"_monsterinsights_skip_tracking":false,"_monsterinsights_sitenote_active":false,"_monsterinsights_sitenote_note":"","_monsterinsights_sitenote_category":0,"footnotes":""},"class_list":["post-3849","page","type-page","status-publish","has-post-thumbnail","hentry"],"blocksy_meta":[],"yoast_head":"<!-- This site is optimized with the Yoast SEO plugin v27.5 - https:\/\/yoast.com\/product\/yoast-seo-wordpress\/ -->\n<title>Cr\u00e9atrice graphique ~ Accompagnement \u00e0 la transition num\u00e9rique<\/title>\n<meta name=\"description\" content=\"D\u00e9couvrez ici les grandes \u00e9tapes de votre accompagnement personnalis\u00e9 pour r\u00e9fl\u00e9chir une pr\u00e9sence digitale r\u00e9ussie et impactante.\" \/>\n<meta name=\"robots\" content=\"index, follow, max-snippet:-1, max-image-preview:large, max-video-preview:-1\" \/>\n<link rel=\"canonical\" href=\"https:\/\/ellebedesign.com\/index.php\/accueil\/accompagnement-aurore\/\" \/>\n<meta property=\"og:locale\" content=\"fr_FR\" \/>\n<meta property=\"og:type\" content=\"article\" \/>\n<meta property=\"og:title\" content=\"Cr\u00e9atrice graphique ~ Accompagnement \u00e0 la transition num\u00e9rique\" \/>\n<meta property=\"og:description\" content=\"D\u00e9couvrez ici les grandes \u00e9tapes de votre accompagnement personnalis\u00e9 pour r\u00e9fl\u00e9chir une pr\u00e9sence digitale r\u00e9ussie et impactante.\" \/>\n<meta property=\"og:url\" content=\"https:\/\/ellebedesign.com\/index.php\/accueil\/accompagnement-aurore\/\" \/>\n<meta property=\"og:site_name\" content=\"eLLeBe Design\" \/>\n<meta property=\"article:publisher\" content=\"https:\/\/www.facebook.com\/profile.php?id=100092258326348&amp;locale=fr_FR\" \/>\n<meta property=\"article:modified_time\" content=\"2026-02-16T23:53:19+00:00\" \/>\n<meta property=\"og:image\" content=\"https:\/\/ellebedesign.com\/wp-content\/uploads\/2024\/12\/eLLeBeDesign_KGH.png\" \/>\n\t<meta property=\"og:image:width\" content=\"2880\" \/>\n\t<meta property=\"og:image:height\" content=\"1620\" \/>\n\t<meta property=\"og:image:type\" content=\"image\/png\" \/>\n<meta name=\"twitter:card\" content=\"summary_large_image\" \/>\n<meta name=\"twitter:label1\" content=\"Dur\u00e9e de lecture estim\u00e9e\" \/>\n\t<meta name=\"twitter:data1\" content=\"2 minutes\" \/>\n<script type=\"application\/ld+json\" class=\"yoast-schema-graph\">{\"@context\":\"https:\\\/\\\/schema.org\",\"@graph\":[{\"@type\":\"WebPage\",\"@id\":\"https:\\\/\\\/ellebedesign.com\\\/index.php\\\/accueil\\\/accompagnement-aurore\\\/\",\"url\":\"https:\\\/\\\/ellebedesign.com\\\/index.php\\\/accueil\\\/accompagnement-aurore\\\/\",\"name\":\"Cr\u00e9atrice graphique ~ Accompagnement \u00e0 la transition num\u00e9rique\",\"isPartOf\":{\"@id\":\"https:\\\/\\\/ellebedesign.com\\\/#website\"},\"primaryImageOfPage\":{\"@id\":\"https:\\\/\\\/ellebedesign.com\\\/index.php\\\/accueil\\\/accompagnement-aurore\\\/#primaryimage\"},\"image\":{\"@id\":\"https:\\\/\\\/ellebedesign.com\\\/index.php\\\/accueil\\\/accompagnement-aurore\\\/#primaryimage\"},\"thumbnailUrl\":\"https:\\\/\\\/ellebedesign.com\\\/wp-content\\\/uploads\\\/2024\\\/12\\\/eLLeBeDesign_KGH.png\",\"datePublished\":\"2024-12-05T20:13:44+00:00\",\"dateModified\":\"2026-02-16T23:53:19+00:00\",\"description\":\"D\u00e9couvrez ici les grandes \u00e9tapes de votre accompagnement personnalis\u00e9 pour r\u00e9fl\u00e9chir une pr\u00e9sence digitale r\u00e9ussie et impactante.\",\"breadcrumb\":{\"@id\":\"https:\\\/\\\/ellebedesign.com\\\/index.php\\\/accueil\\\/accompagnement-aurore\\\/#breadcrumb\"},\"inLanguage\":\"fr-FR\",\"potentialAction\":[{\"@type\":\"ReadAction\",\"target\":[\"https:\\\/\\\/ellebedesign.com\\\/index.php\\\/accueil\\\/accompagnement-aurore\\\/\"]}]},{\"@type\":\"ImageObject\",\"inLanguage\":\"fr-FR\",\"@id\":\"https:\\\/\\\/ellebedesign.com\\\/index.php\\\/accueil\\\/accompagnement-aurore\\\/#primaryimage\",\"url\":\"https:\\\/\\\/ellebedesign.com\\\/wp-content\\\/uploads\\\/2024\\\/12\\\/eLLeBeDesign_KGH.png\",\"contentUrl\":\"https:\\\/\\\/ellebedesign.com\\\/wp-content\\\/uploads\\\/2024\\\/12\\\/eLLeBeDesign_KGH.png\",\"width\":2880,\"height\":1620},{\"@type\":\"BreadcrumbList\",\"@id\":\"https:\\\/\\\/ellebedesign.com\\\/index.php\\\/accueil\\\/accompagnement-aurore\\\/#breadcrumb\",\"itemListElement\":[{\"@type\":\"ListItem\",\"position\":1,\"name\":\"Accueil\",\"item\":\"https:\\\/\\\/ellebedesign.com\\\/\"},{\"@type\":\"ListItem\",\"position\":2,\"name\":\"Accueil\",\"item\":\"https:\\\/\\\/ellebedesign.com\\\/\"},{\"@type\":\"ListItem\",\"position\":3,\"name\":\"Aurore\"}]},{\"@type\":\"WebSite\",\"@id\":\"https:\\\/\\\/ellebedesign.com\\\/#website\",\"url\":\"https:\\\/\\\/ellebedesign.com\\\/\",\"name\":\"eLLeBe Design\",\"description\":\"Un projet qui rayonne, \u00e7a commence par ta com&#039; !\",\"publisher\":{\"@id\":\"https:\\\/\\\/ellebedesign.com\\\/#organization\"},\"potentialAction\":[{\"@type\":\"SearchAction\",\"target\":{\"@type\":\"EntryPoint\",\"urlTemplate\":\"https:\\\/\\\/ellebedesign.com\\\/?s={search_term_string}\"},\"query-input\":{\"@type\":\"PropertyValueSpecification\",\"valueRequired\":true,\"valueName\":\"search_term_string\"}}],\"inLanguage\":\"fr-FR\"},{\"@type\":\"Organization\",\"@id\":\"https:\\\/\\\/ellebedesign.com\\\/#organization\",\"name\":\"eLLeBe Design\",\"url\":\"https:\\\/\\\/ellebedesign.com\\\/\",\"logo\":{\"@type\":\"ImageObject\",\"inLanguage\":\"fr-FR\",\"@id\":\"https:\\\/\\\/ellebedesign.com\\\/#\\\/schema\\\/logo\\\/image\\\/\",\"url\":\"https:\\\/\\\/ellebedesign.com\\\/wp-content\\\/uploads\\\/2023\\\/11\\\/eLLeBe_logo-square.png\",\"contentUrl\":\"https:\\\/\\\/ellebedesign.com\\\/wp-content\\\/uploads\\\/2023\\\/11\\\/eLLeBe_logo-square.png\",\"width\":4501,\"height\":4501,\"caption\":\"eLLeBe Design\"},\"image\":{\"@id\":\"https:\\\/\\\/ellebedesign.com\\\/#\\\/schema\\\/logo\\\/image\\\/\"},\"sameAs\":[\"https:\\\/\\\/www.facebook.com\\\/profile.php?id=100092258326348&locale=fr_FR\",\"https:\\\/\\\/www.instagram.com\\\/ellebe_design\\\/\",\"https:\\\/\\\/www.linkedin.com\\\/in\\\/ludivine-brion-24541186\\\/\"]}]}<\/script>\n<!-- \/ Yoast SEO plugin. -->","yoast_head_json":{"title":"Cr\u00e9atrice graphique ~ Accompagnement \u00e0 la transition num\u00e9rique","description":"D\u00e9couvrez ici les grandes \u00e9tapes de votre accompagnement personnalis\u00e9 pour r\u00e9fl\u00e9chir une pr\u00e9sence digitale r\u00e9ussie et impactante.","robots":{"index":"index","follow":"follow","max-snippet":"max-snippet:-1","max-image-preview":"max-image-preview:large","max-video-preview":"max-video-preview:-1"},"canonical":"https:\/\/ellebedesign.com\/index.php\/accueil\/accompagnement-aurore\/","og_locale":"fr_FR","og_type":"article","og_title":"Cr\u00e9atrice graphique ~ Accompagnement \u00e0 la transition num\u00e9rique","og_description":"D\u00e9couvrez ici les grandes \u00e9tapes de votre accompagnement personnalis\u00e9 pour r\u00e9fl\u00e9chir une pr\u00e9sence digitale r\u00e9ussie et impactante.","og_url":"https:\/\/ellebedesign.com\/index.php\/accueil\/accompagnement-aurore\/","og_site_name":"eLLeBe Design","article_publisher":"https:\/\/www.facebook.com\/profile.php?id=100092258326348&locale=fr_FR","article_modified_time":"2026-02-16T23:53:19+00:00","og_image":[{"width":2880,"height":1620,"url":"https:\/\/ellebedesign.com\/wp-content\/uploads\/2024\/12\/eLLeBeDesign_KGH.png","type":"image\/png"}],"twitter_card":"summary_large_image","twitter_misc":{"Dur\u00e9e de lecture estim\u00e9e":"2 minutes"},"schema":{"@context":"https:\/\/schema.org","@graph":[{"@type":"WebPage","@id":"https:\/\/ellebedesign.com\/index.php\/accueil\/accompagnement-aurore\/","url":"https:\/\/ellebedesign.com\/index.php\/accueil\/accompagnement-aurore\/","name":"Cr\u00e9atrice graphique ~ Accompagnement \u00e0 la transition num\u00e9rique","isPartOf":{"@id":"https:\/\/ellebedesign.com\/#website"},"primaryImageOfPage":{"@id":"https:\/\/ellebedesign.com\/index.php\/accueil\/accompagnement-aurore\/#primaryimage"},"image":{"@id":"https:\/\/ellebedesign.com\/index.php\/accueil\/accompagnement-aurore\/#primaryimage"},"thumbnailUrl":"https:\/\/ellebedesign.com\/wp-content\/uploads\/2024\/12\/eLLeBeDesign_KGH.png","datePublished":"2024-12-05T20:13:44+00:00","dateModified":"2026-02-16T23:53:19+00:00","description":"D\u00e9couvrez ici les grandes \u00e9tapes de votre accompagnement personnalis\u00e9 pour r\u00e9fl\u00e9chir une pr\u00e9sence digitale r\u00e9ussie et impactante.","breadcrumb":{"@id":"https:\/\/ellebedesign.com\/index.php\/accueil\/accompagnement-aurore\/#breadcrumb"},"inLanguage":"fr-FR","potentialAction":[{"@type":"ReadAction","target":["https:\/\/ellebedesign.com\/index.php\/accueil\/accompagnement-aurore\/"]}]},{"@type":"ImageObject","inLanguage":"fr-FR","@id":"https:\/\/ellebedesign.com\/index.php\/accueil\/accompagnement-aurore\/#primaryimage","url":"https:\/\/ellebedesign.com\/wp-content\/uploads\/2024\/12\/eLLeBeDesign_KGH.png","contentUrl":"https:\/\/ellebedesign.com\/wp-content\/uploads\/2024\/12\/eLLeBeDesign_KGH.png","width":2880,"height":1620},{"@type":"BreadcrumbList","@id":"https:\/\/ellebedesign.com\/index.php\/accueil\/accompagnement-aurore\/#breadcrumb","itemListElement":[{"@type":"ListItem","position":1,"name":"Accueil","item":"https:\/\/ellebedesign.com\/"},{"@type":"ListItem","position":2,"name":"Accueil","item":"https:\/\/ellebedesign.com\/"},{"@type":"ListItem","position":3,"name":"Aurore"}]},{"@type":"WebSite","@id":"https:\/\/ellebedesign.com\/#website","url":"https:\/\/ellebedesign.com\/","name":"eLLeBe Design","description":"Un projet qui rayonne, \u00e7a commence par ta com&#039; !","publisher":{"@id":"https:\/\/ellebedesign.com\/#organization"},"potentialAction":[{"@type":"SearchAction","target":{"@type":"EntryPoint","urlTemplate":"https:\/\/ellebedesign.com\/?s={search_term_string}"},"query-input":{"@type":"PropertyValueSpecification","valueRequired":true,"valueName":"search_term_string"}}],"inLanguage":"fr-FR"},{"@type":"Organization","@id":"https:\/\/ellebedesign.com\/#organization","name":"eLLeBe Design","url":"https:\/\/ellebedesign.com\/","logo":{"@type":"ImageObject","inLanguage":"fr-FR","@id":"https:\/\/ellebedesign.com\/#\/schema\/logo\/image\/","url":"https:\/\/ellebedesign.com\/wp-content\/uploads\/2023\/11\/eLLeBe_logo-square.png","contentUrl":"https:\/\/ellebedesign.com\/wp-content\/uploads\/2023\/11\/eLLeBe_logo-square.png","width":4501,"height":4501,"caption":"eLLeBe Design"},"image":{"@id":"https:\/\/ellebedesign.com\/#\/schema\/logo\/image\/"},"sameAs":["https:\/\/www.facebook.com\/profile.php?id=100092258326348&locale=fr_FR","https:\/\/www.instagram.com\/ellebe_design\/","https:\/\/www.linkedin.com\/in\/ludivine-brion-24541186\/"]}]}},"_links":{"self":[{"href":"https:\/\/ellebedesign.com\/index.php\/wp-json\/wp\/v2\/pages\/3849","targetHints":{"allow":["GET"]}}],"collection":[{"href":"https:\/\/ellebedesign.com\/index.php\/wp-json\/wp\/v2\/pages"}],"about":[{"href":"https:\/\/ellebedesign.com\/index.php\/wp-json\/wp\/v2\/types\/page"}],"author":[{"embeddable":true,"href":"https:\/\/ellebedesign.com\/index.php\/wp-json\/wp\/v2\/users\/1"}],"replies":[{"embeddable":true,"href":"https:\/\/ellebedesign.com\/index.php\/wp-json\/wp\/v2\/comments?post=3849"}],"version-history":[{"count":34,"href":"https:\/\/ellebedesign.com\/index.php\/wp-json\/wp\/v2\/pages\/3849\/revisions"}],"predecessor-version":[{"id":4553,"href":"https:\/\/ellebedesign.com\/index.php\/wp-json\/wp\/v2\/pages\/3849\/revisions\/4553"}],"up":[{"embeddable":true,"href":"https:\/\/ellebedesign.com\/index.php\/wp-json\/wp\/v2\/pages\/772"}],"wp:featuredmedia":[{"embeddable":true,"href":"https:\/\/ellebedesign.com\/index.php\/wp-json\/wp\/v2\/media\/3850"}],"wp:attachment":[{"href":"https:\/\/ellebedesign.com\/index.php\/wp-json\/wp\/v2\/media?parent=3849"}],"curies":[{"name":"wp","href":"https:\/\/api.w.org\/{rel}","templated":true}]}}